{"id":73,"date":"2014-09-01T07:20:21","date_gmt":"2014-09-01T07:20:21","guid":{"rendered":"http:\/\/odhadyvesely.cz\/?page_id=73"},"modified":"2023-02-20T13:53:43","modified_gmt":"2023-02-20T13:53:43","slug":"kvalifikace","status":"publish","type":"page","link":"https:\/\/odhadyvesely.cz\/?page_id=73","title":{"rendered":"Kvalifikace"},"content":{"rendered":"<p>dosa\u017een\u00e9 vzd\u011bl\u00e1n\u00ed &#8211; V\u0160 \u010cV\u00daT<br \/>\n<a href=\"https:\/\/odhadyvesely.cz\/wp-content\/uploads\/2023\/02\/Zivnostensky_rejstrik_vypis.pdf\">Zivnostensky_rejstrik_vypis<\/a><br \/>\n<a href=\"https:\/\/odhadyvesely.cz\/wp-content\/uploads\/2023\/02\/USI_Brno_certifikat.pdf\">USI Brno certifikace 2013<\/a><br \/>\n<a href=\"https:\/\/odhadyvesely.cz\/wp-content\/uploads\/2023\/02\/certifikace_2023.pdf\">USI Brno &#8211; recertifikace 2018<\/a><\/p>\n<p style=\"color: #000000;\"><strong>P\u0159\u00edklady vyhotoven\u00fdch odhad\u016f pro stanoven\u00ed tr\u017en\u00ed hodnoty:<\/strong><\/p>\n<p style=\"color: #000000;\"><em>Objekty ob\u010dansk\u00e9 vybavenosti (D\u016fm Kultury Liberec, hotel Imperial, are\u00e1l Kl\u00e1\u0161ter Liberec, Star\u00e9 l\u00e1zn\u011b Kol\u00edn, Hotel Doksy, ubytovny, penziony, apartm\u00e1nov\u00e9 domy, aj.)<br \/>\nProvozn\u00ed are\u00e1ly a objekty (nap\u0159. b\u00fdval\u00e1 Inteva, autoservisy\/autodoprava, , )<\/em><em><br \/>\n<\/em><em>Bytov\u00e9 domy &#8211; s byty i s nebytov\u00fdmi prostory<br \/>\n<\/em><em style=\"line-height: 1.714285714; font-size: 1rem;\">Rodinn\u00e9 domy, byty (velk\u00e9 mno\u017estv\u00ed) &#8211; st\u00e1vaj\u00edc\u00ed stav, rekonstrukce, v\u00fdstavby)<br \/>\nNebytov\u00e9 prostory &#8211; kancel\u00e1\u0159e, restaurace, obchody<br \/>\n<\/em><em style=\"line-height: 1.714285714; font-size: 1rem;\">Pozemky\u00a0 (velk\u00e9 mno\u017estv\u00ed) &#8211; pro v\u00fdstavbu bydlen\u00ed \/ komer\u010dn\u00ed, zem\u011bd\u011blsk\u00e9, jin\u00e9<br \/>\nV\u011bcn\u00e1 b\u0159emena &#8211; ulo\u017een\u00ed in\u017een\u00fdrsk\u00fdch s\u00edt\u00ed<br \/>\n<\/em><em>Ostatn\u00ed &#8211; gar\u00e1\u017ee, orienta\u010dn\u00ed posouzen\u00ed, obvykl\u00e9 n\u00e1jemn\u00e9<\/em><\/p>\n<p style=\"color: #000000;\"><strong><br \/>\n<\/strong><strong>Zku\u0161enosti pro obor oce\u0148ov\u00e1n\u00ed:<\/strong><\/p>\n<p style=\"color: #000000;\">2001-2007: studium 5,5 roku magistersk\u00e9 na \u010cVUT (geod\u00e9zie a kartografie) znalost katastru nemovitost\u00ed a mapov\u00e1n\u00ed (katastr\u00e1ln\u00ed mapy, informa\u010dn\u00ed syst\u00e9my).<br \/>\n2007: pr\u00e1ce geodeta ve spol. Valbek + sb\u011br podklad\u016f od \u00fa\u0159adu, pr\u00e1ce s pozemky a geometrick\u00fdmi pl\u00e1ny.<br \/>\n2007-2011: Pr\u00e1ce ve ve\u0159ejn\u00e9 spr\u00e1v\u011b na m\u011bst\u011b Liberec. Stavebn\u00ed \u00fa\u0159ad \/ \u00fazemn\u00ed pl\u00e1nov\u00e1n\u00ed. Znalost ve\u0159ejn\u00e9 a st\u00e1tn\u00ed spr\u00e1vy (spln\u011bny \u00fa\u0159ednick\u00e9 zkou\u0161ky :)) Pr\u00e1ce s \u00fazemn\u00edmi pl\u00e1ny. V pr\u016fb\u011bhu p\u016fsobnosti na m\u011bst\u011b Liberec jsem absolvoval v letech 2008 &#8211; 2010 specializa\u010dn\u00ed studium na Institutu Franka Dysona se zam\u011b\u0159en\u00edm na oce\u0148ov\u00e1n\u00ed nemovitost\u00ed. Na z\u00e1klad\u011b \u00fasp\u011b\u0161n\u00e9ho absolvov\u00e1n\u00ed studia jsem z\u00edskal\u00a0 v roce 2010 v\u00e1zan\u00e9 \u017eivnostensk\u00e9 opr\u00e1vn\u011bn\u00ed pro oce\u0148ov\u00e1n\u00ed majetku pro v\u011bci nemovit\u00e9.<br \/>\n2010: zah\u00e1jil jsem postupn\u011b zpracov\u00e1n\u00ed oce\u0148ov\u00e1n\u00ed nemovitost\u00ed ve spolupr\u00e1ci se soudn\u00edm znalcem Zde\u0148kem Mullerem.<br \/>\n2012: Pr\u00e1ce ve spole\u010dnosti BDO Appraisal services &#8211; Znaleck\u00fd \u00fastav s.r.o. na pozici odborn\u00e9ho asistenta oce\u0148ov\u00e1n\u00ed nemovitost\u00ed. Za dobu sv\u00e9ho p\u016fsoben\u00ed jsem z\u00edskal mnoho praktick\u00fdch zku\u0161enost\u00ed p\u0159i oce\u0148ov\u00e1n\u00ed r\u016fzn\u00fdch druh\u016f nemovitost\u00ed. Jednalo se p\u0159ev\u00e1\u017en\u011b o v\u011bt\u0161\u00ed objekty komer\u010dn\u00edho charakteru. Ocen\u011bn\u00ed byla na principech tr\u017en\u00edho ocen\u011bn\u00ed i pro oblast administrativn\u00edch cen dle aktu\u00e1ln\u011b platn\u00e9 legislativy \u010cR.<br \/>\n2013: Po ukon\u010den\u00ed spolupr\u00e1ce v BDO se od druh\u00e9 poloviny roku 2013 oce\u0148ov\u00e1n\u00ed v\u011bnuji ji\u017e samostatn\u011b a nez\u00e1visle. Certifikace pro oce\u0148ov\u00e1n\u00ed nemovitost\u00ed u certifika\u010dn\u00edho org\u00e1nu: \u00daSTAV SOUDN\u00cdHO IN\u017dEN\u00ddRSTV\u00cd &#8211; VYSOK\u00c9 U\u010cEN\u00cd TECHNICK\u00c9 V BRN\u011a (CO \u00daSI)<br \/>\n2018: recertifikace CO \u00daSI v Brn\u011b<br \/>\nV pr\u016fb\u011bhu let jsem za\u010dal oce\u0148ovat zejm\u00e9na pro bankovn\u00ed subjekty na principech tr\u017en\u00edho oce\u0148ov\u00e1n\u00ed: Skupina \u010cSOB, Raiffeisenbank, Oberbank AG, Banka CREDITAS, spolupr\u00e1ce s m\u011bstem Fr\u00fddlant.<br \/>\nPracuji s\u00e1m, konzultace m\u00e1m od koleg\u016f a zn\u00e1m\u00fdch v oboru. D\u00e1le znalostn\u00ed podpora t\u00fdmu oce\u0148ov\u00e1n\u00ed u jednotliv\u00fdch bankovn\u00edch instituc\u00ed, se kter\u00fdmi spolupracuji a \u0159e\u0161\u00edm rizika a dal\u0161\u00ed z\u00e1vady u nemovit\u00fdch v\u011bc\u00ed.<br \/>\nAktu\u00e1ln\u011b uzav\u00edr\u00e1m svou prvn\u00ed desetiletku odhadce jako OSV\u010c.<\/p>\n<p style=\"color: #000000;\">\n","protected":false},"excerpt":{"rendered":"<p>dosa\u017een\u00e9 vzd\u011bl\u00e1n\u00ed &#8211; V\u0160 \u010cV\u00daT Zivnostensky_rejstrik_vypis USI Brno certifikace 2013 USI Brno &#8211; recertifikace 2018 P\u0159\u00edklady vyhotoven\u00fdch odhad\u016f pro stanoven\u00ed tr\u017en\u00ed hodnoty: Objekty ob\u010dansk\u00e9 vybavenosti (D\u016fm Kultury Liberec, hotel Imperial, are\u00e1l Kl\u00e1\u0161ter Liberec, Star\u00e9 l\u00e1zn\u011b Kol\u00edn, Hotel Doksy, ubytovny, penziony, apartm\u00e1nov\u00e9 domy, aj.) Provozn\u00ed are\u00e1ly a objekty (nap\u0159. b\u00fdval\u00e1 Inteva, autoservisy\/autodoprava, , ) Bytov\u00e9 domy [&hellip;]<\/p>\n","protected":false},"author":1,"featured_media":0,"parent":0,"menu_order":3,"comment_status":"closed","ping_status":"closed","template":"","meta":[],"_links":{"self":[{"href":"https:\/\/odhadyvesely.cz\/index.php?rest_route=\/wp\/v2\/pages\/73"}],"collection":[{"href":"https:\/\/odhadyvesely.cz\/index.php?rest_route=\/wp\/v2\/pages"}],"about":[{"href":"https:\/\/odhadyvesely.cz\/index.php?rest_route=\/wp\/v2\/types\/page"}],"author":[{"embeddable":true,"href":"https:\/\/odhadyvesely.cz\/index.php?rest_route=\/wp\/v2\/users\/1"}],"replies":[{"embeddable":true,"href":"https:\/\/odhadyvesely.cz\/index.php?rest_route=%2Fwp%2Fv2%2Fcomments&post=73"}],"version-history":[{"count":21,"href":"https:\/\/odhadyvesely.cz\/index.php?rest_route=\/wp\/v2\/pages\/73\/revisions"}],"predecessor-version":[{"id":454,"href":"https:\/\/odhadyvesely.cz\/index.php?rest_route=\/wp\/v2\/pages\/73\/revisions\/454"}],"wp:attachment":[{"href":"https:\/\/odhadyvesely.cz\/index.php?rest_route=%2Fwp%2Fv2%2Fmedia&parent=73"}],"curies":[{"name":"wp","href":"https:\/\/api.w.org\/{rel}","templated":true}]}}